 is -20224 - 818?
-20a3c
In base 5, what is 120212 - -11322?
132034
In base 7, what is 11512 + -3543?
4636
In base 7, what is 3134464 + -5?
3134456
In base 8, what is 0 + -560371210?
-560371210
In base 7, what is 6114 + -13245?
-4131
In base 8, what is -2 - -134324453?
134324451
In base 4, what is -30112112 - 1201?
-30113313
In base 9, what is -716755 - -28?
-716726
In base 11, what is 265344 + -28?
265317
In base 8, what is -3 - -3314010?
3314005
In base 14, what is 1 + -1c0c052?
-1c0c051
In base 7, what is -433525 - -343?
-433152
In base 15, what is -6760 - 4e?
-67ae
In base 13, what is 13356 - -3380?
16706
In base 12, what is -4629 + 37473?
32a46
In base 9, what is 2 - 4380152?
-4380150
In base 2, what is 101 + 100000100100000010111010111?
100000100100000010111011100
In base 10, what is -3 - -46029003?
46029000
In base 6, what is 0 + 145442000?
145442000
In base 13, what is -29 - 23ca2c?
-23ca58
In base 6, what is -232320354 - -41?
-232320313
In base 15, what is 4 + 33bb2a?
33bb2e
In base 7, what is 1651400 + -3246?
1645121
In base 14, what is -5 - b4a33?
-b4a38
In base 9, what is -245564 - 354?
-246028
In base 16, what is -20c494c + -9?
-20c4955
In base 16, what is 2d63 + -b6?
2cad
In base 2, what is -110011001 - 11101100010011?
-11110010101100
In base 16, what is -1c5a5e + 9?
-1c5a55
In base 15, what is 12 - 1b30d1?
-1b30be
In base 14, what is -6 - -dd7917?
dd7911
In base 5, what is 30142 - 4341?
20301
In base 12, what is -1 - 405223?
-405224
In base 13, what is 8 + -244920?
-244915
In base 2, what is -100110110000101000001100001 - 0?
-100110110000101000001100001
In base 3, what is 1000112202 + -1011121022?
-11001120
In base 12, what is -354b - 2795?
-6124
In base 16, what is -6a + 16a275?
16a20b
In base 12, what is -3231428 + -4?
-3231430
In base 11, what is -30336 + -4a8?
-30833
In base 5, what is -1440 + 244032?
242042
In base 7, what is -11 - 4306355?
-4306366
In base 4, what is -10 + -231020103322?
-231020103332
In base 3, what is -212222102 + 212010?
-212010022
In base 3, what is -111 + -1002120000120120?
-1002120000121001
In base 16, what is d48d9 - -6?
d48df
In base 2, what is 1010111111000 + -100011100011000?
-11000100100000
In base 4, what is -1032320302100 - 1?
-1032320302101
In base 6, what is -4 + 3044523214?
3044523210
In base 5, what is 12030232 + 101004?
12131241
In base 14, what is 5a02 + 188?
5b8a
In base 13, what is -5349 + -175?
-54c1
In base 7, what is 4 + 6636563?
6636600
In base 9, what is -4 + 160443850?
160443845
In base 2, what is -1000000111010111 - -1100001?
-1000000101110110
In base 11, what is 8 + -547a3774?
-547a3767
In base 4, what is -303 - 3220003223?
-3220010132
In base 14, what is -3cb5 + 7a8?
-350b
In base 12, what is 2 + -7123462?
-7123460
In base 8, what is 27531 - -152507?
202240
In base 2, what is -10 - -111101011010100110011?
111101011010100110001
In base 14, what is -3c7 + 4a44c?
4a065
In base 6, what is 5245 - -23241?
32530
In base 8, what is -227273 + -45?
-227340
In base 2, what is -11 - 100001110100001001110001?
-100001110100001001110100
In base 3, what is 10011121012101 - 200?
10011121011201
In base 15, what is b277c7 - 1e?
b277a8
In base 7, what is -12641221 + -401?
-12641622
In base 9, what is -2260 + 117444?
115174
In base 10, what is -287860 - 532?
-288392
In base 6, what is -102450 - -132040?
25150
In base 9, what is 36 - 63760?
-63723
In base 12, what is 8a43b8 - -1a?
8a4416
In base 10, what is -397324 - 129?
-397453
In base 2, what is -11111000 - -110010011011001101?
110010010111010101
In base 4, what is -11 - 3300120022?
-3300120033
In base 8, what is -17 - -20674505?
20674466
In base 9, what is -546216 - 2127?
-548344
In base 2, what is 1000000011000 - 1000000000?
111000011000
In base 8, what is -5273664 + 0?
-5273664
In base 5, what is 3 + -1210132103?
-1210132100
In base 12, what is a8423 - 580?
a7a63
In base 11, what is -25 - -9427469?
9427444
In base 2, what is 101010011 - 1100010111011011?
-1100010010001000
In base 15, what is 6 - 285bd32?
-285bd2b
In base 5, what is 130322120 - 332?
130321233
In base 13, what is 2 - -21511143?
21511145
In base 5, what is 133222324402 + 23?
133222324430
In base 2, what is 1100101101 - 11001001000110101?
-11000111100001000
In base 7, what is -4013610 - 20?
-4013630
In base 7, what is -65652 - -16026?
-46623
In base 3, what is 10 - 120022101022121222?
-120022101022121212
In base 15, what is -1a + 2a62?
2a47
In base 16, what is -5 + 53e420?
53e41b
In base 13, what is -25c6504c - -3?
-25c65049
In base 3, what is -100220102 + 21120?
-100121212
In base 9, what is 3724 - 5481?
-1656
In base 9, what is 0 + -4088748?
-4088748
In base 3, what is 11022000201220 - 20?
11022000201200
In base 3, what is 120 + -102021200221110?
-102021200220220
In base 10, what is -52 + 1140686?
1140634
In base 4, what is -1003 - 131101211?
-131102220
In base 4, what is 21200101203 + 13?
21200101222
In base 4, what is -322203303202 + 10?
-322203303132
In base 13, what is 483a1c - -2?
483a21
In base 13, what is -82 + -365670?
-365722
In base 2, what is 1001000011001 + 101001000101?
1110001011110
In base 12, what is -13 - 91951?
-91964
In base 12, what is -51 - -154b45?
154ab4
In base 11, what is -153a3 + 343?
-15060
In base 6, what is -5 - -100515024?
100515015
In base 12, what is -9217 - 93?
-92aa
In base 8, what is -107560 - -460?
-107100
In base 3, what is -210 - -1002002210111?
1002002202201
In base 13, what is 3a - -80c72?
80cac
In base 14, what is 4 + -2a8337?
-2a8333
In base 14, what is 187570 - -3?
187573
In base 8, what is -15 + 27023?
27006
In base 11, what is 98a869a07 + 1?
98a869a08
In base 2, what is -110010110001010100000 + -10010?
-110010110001010110010
In base 2, what is 1011001000101111 + -10101?
1011001000011010
In base 7, what is -15262641 + 4?
-15262634
In base 4, what is -300321232 + 111?
-300321121
In base 4, what is -30013001100 - 2132?
-30013003232
In base 9, what is 1256 - -6088?
7355
In base 5, what is -442233 - 311224?
-1304012
In base 11, what is 1073 - -a38?
2000
In base 9, what is 200550 + -4?
200545
In base 12, what is -435 + 4215?
39a0
In base 5, what is -432333 - 102244?
-1040132
In base 5, what is -2 + -24314421331?
-24314421333
In base 16, what is 12dce - 2cf?
12aff
In base 11, what is -2852575 - 30?
-28525a5
In base 5, what is -230122 + -222200?
-1002322
In base 3, what is 20221122001212 + -121?
20221122001021
In base 13, what is 248b99 + 3?
248b9c
In base 5, what is -4 + 21032442244?
21032442240
In base 16, what is -cb36 + -3a7?
-cedd
In base 15, what is 112c8cd + -28?
112c8a5
In base 12, what is ba1 + -153907?
-152926
In base 15, what is -585957 + -6?
-58595d
In base 11, what is 5 + 5266169?
5266173
In base 5, what is 10023 - 41203?
-31130
In base 3, what is 22101011021 - -2202?
22101021000
In base 2, what is 101 + 10001100100101100010001011?
10001100100101100010010000
In base 10, what is 4 + -1133661?
-1133657
In base 5, what is -4440213 + 241340?
-4143323
In base 2, what is 11110000101 + 10100010011011000111?
10100010111001001100
In base 6, what is 3332 + -31135?
-23403
In base 6, what is -511 + 151233?
150322
In base 8, what is -177 - -1214137?
1213740
In base 7, what is 3020554 - -240?
3021124
In base 3, what is 2202212201 - -11020?
2210000221
In base 11, what is -134 + 500257?
500123
In base 5, what is -100 + 12202044?
12201444
In base 8, what is 145 - -223700?
224045
In base 6, what is -1 - 41015355?
-41015400
In base 3, what is -1002102202 + 211121?
-1001121011
In base 8, what is -1154 - 276246?
-277422
In base 3, what is 21022 - 10122212201110?
-10122212110011
In base 10, what is 14613 + -191?
14422
In base 14, what is -3a761 + -1b72?
-3c4d3
In base 4, what is -1203023001001 - -10?
-1203023000331
In base 14, what is baddb - -8?
bb005
In base 14, what is 38 - 543491?
-543457
In base 7, what is -1 + 66441501?
66441500
In base 12, what is -30 + -16b41b?
-16b44b
In base 12, what is -46b5 + 12209?
9714
In base 12, what is 38 - 3921b85?
-3921b49
In base 15, what is 2143 - -e33?
3076
In base 16, what is -8 + 1f37b0?
1f37a8
In base 3, what is -22202111 - 20201122?
-120111010
In base 6, what is 53442 + -3210?
50232
In base 8, what is 2011 - 26607?
-24576
In base 6, what is -3 - -103201002?
103200555
In base 2, what is 110001 + 11100101